se
Is 12158086243 a composite number?
False
Is 8245556591 a composite number?
True
Is 8316784529 a prime number?
True
Is 535721971 composite?
False
Is 9712152929 prime?
False
Is 132188241 prime?
False
Is 1592636461 prime?
False
Is 3705916189 composite?
True
Is 7832271973 composite?
False
Is 34746248791 a composite number?
False
Is 49119986621 prime?
True
Is 850238027 a composite number?
False
Is 7494055381 a prime number?
False
Is 8329119341 prime?
False
Is 21380431277 a composite number?
True
Is 24113963 composite?
False
Is 1505121323 prime?
False
Is 50860265 prime?
False
Is 43097877161 prime?
True
Is 110420887 a composite number?
True
Is 359888237 a composite number?
False
Is 11426223013 a prime number?
True
Is 817429247 prime?
False
Is 1567371511 composite?
True
Is 1606522861 composite?
False
Is 36041475251 a composite number?
False
Is 2589196907 a composite number?
True
Is 894876377 prime?
False
Is 37484764651 prime?
True
Is 99788209 prime?
False
Is 284047003 a prime number?
False
Is 48200910881 prime?
True
Is 7280114761 composite?
True
Is 593300702821 prime?
True
Is 203992385 a prime number?
False
Is 91299404869 prime?
False
Is 15831333145 a composite number?
True
Is 5296256453 composite?
False
Is 68945387509 composite?
True
Is 147082907 prime?
False
Is 14181343 a prime number?
False
Is 23609743783 a prime number?
True
Is 11419960973 composite?
False
Is 3385847197 prime?
False
Is 5422793531 a composite number?
False
Is 21649887653 composite?
True
Is 155033886019 a composite number?
True
Is 246656167 prime?
False
Is 2607993383 composite?
True
Is 2499555179 composite?
True
Is 1093258909 prime?
False
Is 90228449 prime?
True
Is 498978001 a composite number?
True
Is 323810639 a composite number?
True
Is 758742973 a composite number?
True
Is 2681727211 a prime number?
True
Is 96741948599 composite?
False
Is 72036845614 prime?
False
Is 69217133333 a prime number?
True
Is 4188007657 composite?
False
Is 64072546459 a composite number?
False
Is 54120601 composite?
False
Is 7919909971 prime?
True
Is 84845899 a prime number?
True
Is 1968725153 a prime number?
False
Is 1746547601 composite?
True
Is 8972982451 composite?
False
Is 7795139167 composite?
False
Is 5754330889 prime?
True
Is 1943522309 a prime number?
False
Is 3210576881 prime?
True
Is 15190535921 a composite number?
True
Is 459328255 a prime number?
False
Is 375676877 composite?
False
Is 254786611 prime?
False
Is 1038087263 a composite number?
False
Is 67466459 prime?
True
Is 305800367 a prime number?
True
Is 6306586393 prime?
True
Is 5660618657 a composite number?
False
Is 40565657 prime?
False
Is 6511719567 prime?
False
Is 5519505371 a composite number?
False
Is 8046633059 prime?
True
Is 91158161 composite?
True
Is 63149853997 composite?
False
Is 5340933229 composite?
True
Is 21391193533 composite?
False
Is 131647945537 a composite number?
True
Is 128784808319 a prime number?
True
Is 108126439 a composite number?
False
Is 2994477191 composite?
False
Is 71788768381 composite?
True
Is 9845694779 a prime number?
True
Is 3710898529 a composite number?
True
Is 608003179 a prime number?
False
Is 2924007241 prime?
False
Is 224217073 a prime number?
True
Is 16959085411 a prime number?
True
Is 38601661981 a composite number?
False
Is 112583647 prime?
False
Is 5862517147 a composite number?
True
Is 2777485741 a composite number?
False
Is 12854834051 a prime number?
True
Is 3418346201 a prime number?
True
Is 106687997107 a composite number?
False
Is 5522883673 composite?
True
Is 43775704463 a prime number?
False
Is 52120619 a prime number?
True
Is 741855134 a prime number?
False
Is 106884609773 composite?
False
Is 100630303 a prime number?
True
Is 69080801257 prime?
False
Is 25987556501 composite?
True
Is 537238589 a composite number?
True
Is 6312471421 prime?
True
Is 193784029 a prime number?
True
Is 2625635297 prime?
False
Is 75967399 composite?
False
Is 459969907 a composite number?
False
Is 510134623 a composite number?
True
Is 22499300423 composite?
False
Is 6930174359 prime?
True
Is 649500091 prime?
True
Is 26336627 a composite number?
True
Is 14658104261 a prime number?
True
Is 6217435387 a composite number?
False
Is 109862775835 a composite number?
True
Is 700055065 prime?
False
Is 149865068905 a composite number?
True
Is 4859989223 a composite number?
True
Is 9723524707 a prime number?
False
Is 81271244983 a prime number?
True
Is 36998864203 a prime number?
False
Is 1090138601 a composite number?
False
Is 6507905419 composite?
False
Is 151585609421 prime?
True
Is 12280125617 a prime number?
False
Is 20329649 composite?
False
Is 26557875707 a prime number?
False
Is 13581230269 a prime number?
True
Is 343135879 prime?
True
Is 2658180421 prime?
False
Is 3372434399 composite?
False
Is 235850687 a composite number?
False
Is 27071389 a composite number?
True
Is 2193254771 a prime number?
False
Is 117683053669 composite?
False
Is 47365745087 composite?
True
Is 27564552557 composite?
True
Is 28871969545 composite?
True
Is 67630648322 a composite number?
True
Is 91359374371 a prime number?
False
Is 56450056171 a composite number?
False
Is 409498927 prime?
False
Is 6140243918 composite?
True
Is 752159843 a prime number?
True
Is 349003709 prime?
False
Is 505595551 a prime number?
True
Is 16602208762 a prime number?
False
Is 5542295623 composite?
False
Is 7467101119 a prime number?
True
Is 666438611 a prime number?
True
Is 3472122449 composite?
True
Is 2710068119 prime?
False
Is 190451627 composite?
True
Is 32499546907 prime?
True
Is 8163692227 a prime number?
False
Is 432819617 prime?
False
Is 2688089127 composite?
True
Is 2427512177 a composite number?
True
Is 6898664359 a composite number?
False
Is 2013447431 a prime number?
False
Is 36226474129 a composite number?
False
Is 80729337869 a composite number?
False
Is 24542297597 a prime number?
True
Is 185445047 a composite number?
False
Is 10287115231 composite?
True
Is 135428104441 composite?
True
Is 7121241151 prime?
True
Is 625406437 composite?
False
Is 3434435443 a prime number?
False
Is 22505724467 a composite number?
False
Is 5605937291 a composite number?
False
Is 721184546 prime?
False
Is 481666337 a prime number?
False
Is 2784802273 prime?
False
Is 607154819 a prime number?
False
Is 1304175361 a composite number?
True
Is 15039682477 prime?
True
Is 700875997 composite?
False
Is 80343639977 prime?
True
Is 50998680737 a composite number?
False
Is 1705130863 prime?
False
Is 227924338699 composite?
False
Is 381768413 a prime number?
False
Is 6808847723 prime?
False
Is 47680550945 composite?
True
Is 86397581 a composite number?
False
Is 76229519 a composite number?
False
Is 420078907 a composite number?
True
Is 63867069517 prime?
False
Is 3095762759 a composite number?
True
Is 12092796593 composite?
True
Is 5484839237 composite?
True
Is 9228486889 a prime number?
False
Is 753685391 prime?
True
Is 124694129 a prime number?
False
Is 9010266521 a composite number?
False
Is 19834291409 a composite number?
True
Is 143148979 a prime number?
False
Is 1790651309 a composite number?
False
Is 1963139767 a prime number?
True
Is 94654451 prime?
False
Is 17754040505 a composite number?
True
Is 458403877 a composite number?
False
Is 105901599107 a prime number?
True
Is 103717250131 composite?
True
Is 190034281 a prime number?
False
Is 6286848209 a composite number?
True
Is 20913213205 a composite number?
True
Is 4457474291 prime?
True
Is 12775266069 prime?
False
Is 268670117 a composite number?
False
Is 21715896109 prime?
True
Is 6733450007 a prime number?
True
Is 65930837621 a composite number?
True
Is 1065796367 a prime number?
True
Is 791289091 a prime number?
True
Is 49472917061 a composite number?
False
Is 53894052743 composite?
True
Is 15091650319 prime?
True
Is 12120329183 prime?
False
Is 1291643107 prime?
True
Is 22339038419 prime?
False
Is 329137629341 a prime number?
True
Is 23212331 composite?
False
Is 2854685051 composite?
False
Is 13469978983 a composite number?
True
Is 106786241 composite?
False
Is 190117841 composite?
False
Is 462781777 prime?
False
Is 53012973911 composite?
False
Is 5017866681 a prime number?
False
Is 2546253271 a prime number?
False
Is 134489297 composite?
False
Is 158049149 prime?
True
Is 9548757191 composite?
False
Is 126